{"id":10198,"date":"2025-01-18T20:17:34","date_gmt":"2025-01-18T19:17:34","guid":{"rendered":"https:\/\/olloatlantico.com\/?page_id=10198"},"modified":"2025-01-18T20:17:34","modified_gmt":"2025-01-18T19:17:34","slug":"flor-aldea","status":"publish","type":"page","link":"https:\/\/www.olloatlantico.es\/index.php\/flor-aldea\/","title":{"rendered":"Flor Aldea"},"content":{"rendered":"\n<figure class=\"wp-block-image size-large\"><img decoding=\"async\" src=\"https:\/\/olloatlantico.wordpress.com\/wp-content\/uploads\/2025\/01\/14-quasimetrica_1_acto.jpg?w=1024\" alt=\"\" class=\"wp-image-10200\" \/><figcaption class=\"wp-element-caption\">Quasim\u00e9trica, 1.acto<\/figcaption><\/figure>\n\n\n\n<figure class=\"wp-block-image alignright size-large is-resized\"><img decoding=\"async\" src=\"https:\/\/olloatlantico.wordpress.com\/wp-content\/uploads\/2025\/01\/15-quasimetrica_3_acto.jpg?w=1024\" alt=\"\" class=\"wp-image-10203\" style=\"width:247px;height:auto\" \/><figcaption class=\"wp-element-caption\">Quasim\u00e9trica. 3 acto<\/figcaption><\/figure>\n\n\n\n<p>Vamos a pegar un giro y cambiar un poco. Esta vez le toca a una fot\u00f3grafa m\u00e1s experimental. La conoc\u00ed el a\u00f1o que gan\u00f3 la beca Albarrac\u00edn. No es muy habitual que se lleve la beca un trabajo eminentemente conceptual. As\u00ed es que este trabajo, destacaba mucho entre todos los dem\u00e1s, pues eran todos documentales. Desde entonces la sigo y me flipa como utiliza el autorretrato para hablar de lo que m\u00e1s le preocupa. Sus fotograf\u00edas siempre nos lanzan un mensaje, y siempre ese mensaje trata de problemas muy cercanos a ella. Pero vamos a verlo.<\/p>\n\n\n\n<div style=\"height:33px\" aria-hidden=\"true\" class=\"wp-block-spacer\"><\/div>\n\n\n\n<figure class=\"wp-block-image alignright size-large is-resized\"><img decoding=\"async\" src=\"https:\/\/olloatlantico.wordpress.com\/wp-content\/uploads\/2025\/01\/boda_gitana.jpg?w=940\" alt=\"\" class=\"wp-image-10208\" style=\"width:390px;height:auto\" \/><figcaption class=\"wp-element-caption\">Boda gitama<\/figcaption><\/figure>\n\n\n\n<p style=\"font-size:clamp(16.293px, 1.018rem + ((1vw - 3.2px) * 0.68), 25px);\"><strong>Origen:<\/strong><\/p>\n\n\n\n<p class=\"has-text-align-left\">La aventura comienza en el instituto, con mi profesor de dibujo t\u00e9cnico que monta un laboratorio anal\u00f3gico en uno de los ba\u00f1os y nos ense\u00f1a el funcionamiento de una c\u00e1mara. A partir de ah\u00ed la c\u00e1mara me acompa\u00f1a all\u00e1 donde voy.<br><\/p>\n\n\n\n<div style=\"height:45px\" aria-hidden=\"true\" class=\"wp-block-spacer\"><\/div>\n\n\n\n<p style=\"font-size:clamp(16.834px, 1.052rem + ((1vw - 3.2px) * 0.716), 26px);\"><strong>Qu\u00e9 significa para t\u00ed la fotograf\u00eda<\/strong><\/p>\n\n\n\n<figure class=\"wp-block-image alignleft size-large is-resized\"><img decoding=\"async\" src=\"https:\/\/olloatlantico.wordpress.com\/wp-content\/uploads\/2025\/01\/17-sms_siglo_xxi_violencia_genero.jpg?w=1024\" alt=\"\" class=\"wp-image-10214\" style=\"width:428px;height:auto\" \/><figcaption class=\"wp-element-caption\">SMS siglo XXI Violencia de g\u00e9nero<\/figcaption><\/figure>\n\n\n\n<p>Respirar. Oxigena mi cabeza y me ayuda a relacionarme con el mundo. Observar siempre ha sido una de mis pasiones y la fotograf\u00eda me permite rescatar esos momentos, esos gestos e ir m\u00e1s all\u00e1 de la imagen exterior e intentar captar el interior de la persona que fotograf\u00edo.<\/p>\n\n\n\n<div style=\"height:18px\" aria-hidden=\"true\" class=\"wp-block-spacer\"><\/div>\n\n\n\n<p style=\"font-size:clamp(16.834px, 1.052rem + ((1vw - 3.2px) * 0.716), 26px);\"><strong>\u00bfQu\u00e9 tipo de fotograf\u00eda haces?<\/strong><\/p>\n\n\n\n<figure class=\"wp-block-image alignright size-large is-resized\"><img decoding=\"async\" src=\"https:\/\/olloatlantico.wordpress.com\/wp-content\/uploads\/2025\/01\/ensayo_fases_confinamiento.jpg?w=1024\" alt=\"\" class=\"wp-image-10215\" style=\"width:430px;height:auto\" \/><figcaption class=\"wp-element-caption\">Fases confinamiento<\/figcaption><\/figure>\n\n\n\n<p>Mi pasi\u00f3n por conocer nuevas culturas y pa\u00edses, centran mi fotograf\u00eda en el retrato, en un comienzo el retrato de calle, de viajes, robado. Durante a\u00f1os la calle es mi lugar de trabajo, los conflictos sociales, los actos culturales, conciertos, teatro\u2026<br>En 2019 comienzo mis estudios de T\u00e9cnico superior de fotograf\u00eda, donde experimento y me engancho con la fotograf\u00eda de moda y producto.<br>Entonces llega el confinamiento sufrido durante la pandemia, lo que me lleva a reinterpretar mi fotograf\u00eda, comenzando a utilizar el autorretrato para mostrar mis vivencias, denunciar problemas, abusos y agresiones que sufren muchas personas en esta sociedad.<br>Actualmente el retrato y autorretrato son la base de mis proyectos.<\/p>\n\n\n\n<div style=\"height:32px\" aria-hidden=\"true\" class=\"wp-block-spacer\"><\/div>\n\n\n\n<figure class=\"wp-block-image alignright size-large is-resized\"><img decoding=\"async\" src=\"https:\/\/olloatlantico.wordpress.com\/wp-content\/uploads\/2025\/01\/pieles-paisajes-cicatrices-v.jpg?w=1024\" alt=\"\" class=\"wp-image-10239\" style=\"width:414px;height:auto\" \/><figcaption class=\"wp-element-caption\">Pieles. paisajes, cicatrices.<\/figcaption><\/figure>\n\n\n\n<p style=\"font-size:clamp(16.834px, 1.052rem + ((1vw - 3.2px) * 0.716), 26px);\"><strong>\u00bfNos hablas de tus referentes?<\/strong><\/p>\n\n\n\n<p>Un d\u00eda tropec\u00e9 con una fotograf\u00eda de Isabel Mu\u00f1oz y me enamor\u00e9 de aquella imagen y de su trabajo. Junto a ella Pierre Gonnord, Flor Gardu\u00f1o, Patty Maher, Sally Mann. Podr\u00eda hacer una larga lista, ya que cada proyecto me lleva a conocer nuevos referentes que aportan a mi fotograf\u00eda.<br><\/p>\n\n\n\n<div style=\"height:19px\" aria-hidden=\"true\" class=\"wp-block-spacer\"><\/div>\n\n\n\n<p style=\"font-size:clamp(16.293px, 1.018rem + ((1vw - 3.2px) * 0.68), 25px);\"><strong>\u00bfCual es tu objetivo?<\/strong><\/p>\n\n\n\n<figure class=\"wp-block-image alignleft size-large is-resized\"><img decoding=\"async\" src=\"https:\/\/olloatlantico.wordpress.com\/wp-content\/uploads\/2025\/01\/el-beso-serie-nostalgias-1.jpg?w=1024\" alt=\"\" class=\"wp-image-10221\" style=\"width:489px;height:auto\" \/><figcaption class=\"wp-element-caption\">El beso. Serie nostalgias<\/figcaption><\/figure>\n\n\n\n<p class=\"has-text-align-left\">Antes disparaba por instinto animal, ahora mi fotograf\u00eda es m\u00e1s pausada, m\u00e1s pensada, me lleva mucho tiempo desarrollar una idea hasta que comienzo a disparar.<br>Creo en la capacidad de la fotograf\u00eda para concienciar, sanar y educar ante muchos de los problemas que vivimos en la actualidad.<\/p>\n\n\n\n<div style=\"height:43px\" aria-hidden=\"true\" class=\"wp-block-spacer\"><\/div>\n\n\n\n<p style=\"font-size:clamp(16.834px, 1.052rem + ((1vw - 3.2px) * 0.716), 26px);\"><strong>Inerme<\/strong><\/p>\n\n\n\n<p>Del lat. inermis.<\/p>\n\n\n\n<ol class=\"wp-block-list\">\n<li>adj. Que est\u00e1 sin armas. Indefenso. U. t. en sent. fig.<\/li>\n\n\n\n<li>adj. Biol. Desprovisto de espinas, pinchos o aguijones.<\/li>\n<\/ol>\n\n\n\n<p>El proyecto narra mi vivencia personal con el acoso laboral a trav\u00e9s de autorretratos, con el miedo que supone exhibirse ante el p\u00fablico con una herida sin cerrar.<br>Hay temas que cuesta mucho poner en palabras, para los que la comunicaci\u00f3n escrita no basta, sin embargo, la fotograf\u00eda es el lenguaje que se pone al servicio de la denuncia de la v\u00edctima.<br>Utilizo la fotograf\u00eda como medio de expresi\u00f3n para evidenciar el da\u00f1o que sufre la v\u00edctima, su silencio, las reacciones y consecuencias que tienen en la persona estos actos. Una forma de mostrar desde el interior los sentimientos y el da\u00f1o que hay que reparar.<br>Nos habla de las esperas sin saber c\u00f3mo ser\u00e1 la siguiente agresi\u00f3n, del aislamiento laboral, social y familiar, del sentimiento de culpa, de los testigos mudos, m\u00e1s da\u00f1inos, a veces, que quien inflige el gratuito castigo, de la soledad, agotamiento, enfermedades ps\u00edquicas y f\u00edsicas, depresi\u00f3n, etc.<br>En las im\u00e1genes, el agresor est\u00e1 ausente, no se muestra, y sin embargo, es omnipresente en el abrumador vac\u00edo que envuelve la peque\u00f1ez de la v\u00edctima. Ese espacio angustioso nos transmite ahogamiento, la sensaci\u00f3n de que no hay aire como apenas hay una salida al acoso. Y lejos de encontrar una escapatoria, a trav\u00e9s de las im\u00e1genes se nos obliga a mirar de forma est\u00e1tica, a identificarnos con la v\u00edctima y que cada imagen sea como una losa, que va pesando, una carga que se arrastra hasta el final para ponernos en la situaci\u00f3n del testigo que nunca m\u00e1s debiera de ser mudo.<br>Inerme est\u00e1 enfocado a todas las personas en edad laboral. Sin g\u00e9neros, sin distinciones de ning\u00fan tipo, todos son factibles de sufrirlo, o en alg\u00fan momento ser testigo de este tipo de agresi\u00f3n en su entorno laboral. Ayudar a identificarlo, entender a la v\u00edctima, son los principales objetivos de este Proyecto.<\/p>\n\n\n\n<figure class=\"wp-block-gallery has-nested-images columns-default is-cropped wp-block-gallery-1 is-layout-flex wp-block-gallery-is-layout-flex\">\n<figure class=\"wp-block-image size-large\"><img decoding=\"async\" data-id=\"10228\" src=\"https:\/\/olloatlantico.wordpress.com\/wp-content\/uploads\/2025\/01\/1_inerme_largas-esperas.jpg?w=724\" alt=\"\" class=\"wp-image-10228\" \/><\/figure>\n\n\n\n<figure class=\"wp-block-image size-large\"><img decoding=\"async\" data-id=\"10234\" src=\"https:\/\/olloatlantico.wordpress.com\/wp-content\/uploads\/2025\/01\/2_inerme_las-horas-muertas.jpg?w=724\" alt=\"\" class=\"wp-image-10234\" \/><\/figure>\n\n\n\n<figure class=\"wp-block-image size-large\"><img decoding=\"async\" data-id=\"10230\" src=\"https:\/\/olloatlantico.wordpress.com\/wp-content\/uploads\/2025\/01\/3_inerme_testigos-mudos.jpg?w=724\" alt=\"\" class=\"wp-image-10230\" \/><\/figure>\n\n\n\n<figure class=\"wp-block-image size-large\"><img decoding=\"async\" data-id=\"10233\" src=\"https:\/\/olloatlantico.wordpress.com\/wp-content\/uploads\/2025\/01\/4_inerme_la-soledad.jpg?w=724\" alt=\"\" class=\"wp-image-10233\" \/><\/figure>\n\n\n\n<figure class=\"wp-block-image size-large\"><img decoding=\"async\" data-id=\"10223\" src=\"https:\/\/olloatlantico.wordpress.com\/wp-content\/uploads\/2025\/01\/5_inerme_las-presiones.jpg?w=724\" alt=\"\" class=\"wp-image-10223\" \/><\/figure>\n\n\n\n<figure class=\"wp-block-image size-large\"><img decoding=\"async\" data-id=\"10229\" src=\"https:\/\/olloatlantico.wordpress.com\/wp-content\/uploads\/2025\/01\/6_inerme_-el-agotamiento.jpg?w=724\" alt=\"\" class=\"wp-image-10229\" \/><\/figure>\n\n\n\n<figure class=\"wp-block-image size-large\"><img decoding=\"async\" data-id=\"10226\" src=\"https:\/\/olloatlantico.wordpress.com\/wp-content\/uploads\/2025\/01\/7_inerme_ansiedad.jpg?w=724\" alt=\"\" class=\"wp-image-10226\" \/><\/figure>\n\n\n\n<figure class=\"wp-block-image size-large\"><img decoding=\"async\" data-id=\"10231\" src=\"https:\/\/olloatlantico.wordpress.com\/wp-content\/uploads\/2025\/01\/8_inerme_enfermedad.jpg?w=724\" alt=\"\" class=\"wp-image-10231\" \/><\/figure>\n\n\n\n<figure class=\"wp-block-image size-large\"><img decoding=\"async\" data-id=\"10232\" src=\"https:\/\/olloatlantico.wordpress.com\/wp-content\/uploads\/2025\/01\/9_inerme_aislamiento.jpg?w=724\" alt=\"\" class=\"wp-image-10232\" \/><\/figure>\n\n\n\n<figure class=\"wp-block-image size-large\"><img decoding=\"async\" data-id=\"10227\" src=\"https:\/\/olloatlantico.wordpress.com\/wp-content\/uploads\/2025\/01\/10_inerme_el-abismo.jpg?w=724\" alt=\"\" class=\"wp-image-10227\" \/><\/figure>\n\n\n\n<figure class=\"wp-block-image size-large\"><img decoding=\"async\" data-id=\"10224\" src=\"https:\/\/olloatlantico.wordpress.com\/wp-content\/uploads\/2025\/01\/11_inerme_no-apto.jpg?w=724\" alt=\"\" class=\"wp-image-10224\" \/><\/figure>\n\n\n\n<figure class=\"wp-block-image size-large\"><img decoding=\"async\" data-id=\"10225\" src=\"https:\/\/olloatlantico.wordpress.com\/wp-content\/uploads\/2025\/01\/12_inerme_comenzar_de_cero.jpg?w=724\" alt=\"\" class=\"wp-image-10225\" \/><\/figure>\n<\/figure>\n\n\n\n<div style=\"height:48px\" aria-hidden=\"true\" class=\"wp-block-spacer\"><\/div>\n\n\n\n<p style=\"font-size:clamp(16.834px, 1.052rem + ((1vw - 3.2px) * 0.716), 26px);\"><strong>B\u00edo<\/strong><\/p>\n\n\n\n<p>Flor Aldea, Burgos (1966)<br>Los temas sobre los que versan mis proyectos fotogr\u00e1ficos son reivindicaciones de los problemas que me rodean, y especialmente el registro documental de todo tipo de violencia, tanto estructural como personal: social, de g\u00e9nero, laboral etc.; as\u00ed como las marcas psicol\u00f3gicas y f\u00edsicas que esas violencias dejan en las v\u00edctimas.<br>Desde el a\u00f1o 2013 realizo diferentes exposiciones individuales, Thai, Nosotras, Nostalgias, Retratos de un Payaso\u2026 Tambi\u00e9n participo en exposiciones colectivas (\u201cLa c\u00e1mara\u201d, \u201cGremios\u201d) en el Centro de Arte Caja Burgos. Colaborando en El proyecto \u201cDescosiendo violencias, Creando dignidades\u201d comisariado por Sara Tapia contra la violencia de genero. Etc.<\/p>\n\n\n\n<p>Estos son algunos de los reconocimientos que he tenido:<\/p>\n\n\n\n<p>Descubrimientos Photoespa\u00f1a 23. Seleccionada visionado presencial.<br>Expositivos 23. Le\u00f3n es Photo. Finalista. 2023<br>Beca Albarrac\u00edn 2021. XX Seminario de Fotograf\u00eda y Periodismo<br>Selecci\u00f3n Galeria PhotoEspa\u00f1a, \u00abVisit Spain\u00bb 2021<br>IX Certamen de Fotograf\u00eda \u201cMiradas por la Igualdad\u201d. Segundo Premio. Concejal\u00eda de la Mujer Burgos. 2013.<\/p>\n","protected":false},"excerpt":{"rendered":"<p>Vamos a pegar un giro y cambiar un poco. Esta vez le toca a una fot\u00f3grafa m\u00e1s experimental. La conoc\u00ed el a\u00f1o que gan\u00f3 la beca Albarrac\u00edn. No es muy habitual que se lleve la beca un trabajo eminentemente conceptual. As\u00ed es que este trabajo, destacaba mucho entre todos los dem\u00e1s, pues eran todos documentales. [&hellip;]<\/p>\n","protected":false},"author":16,"featured_media":0,"parent":0,"menu_order":0,"comment_status":"closed","ping_status":"closed","template":"","meta":{"jetpack_post_was_ever_published":false,"footnotes":""},"class_list":["post-10198","page","type-page","status-publish","hentry"],"jetpack_sharing_enabled":true,"_links":{"self":[{"href":"https:\/\/www.olloatlantico.es\/index.php\/wp-json\/wp\/v2\/pages\/10198","targetHints":{"allow":["GET"]}}],"collection":[{"href":"https:\/\/www.olloatlantico.es\/index.php\/wp-json\/wp\/v2\/pages"}],"about":[{"href":"https:\/\/www.olloatlantico.es\/index.php\/wp-json\/wp\/v2\/types\/page"}],"author":[{"embeddable":true,"href":"https:\/\/www.olloatlantico.es\/index.php\/wp-json\/wp\/v2\/users\/16"}],"replies":[{"embeddable":true,"href":"https:\/\/www.olloatlantico.es\/index.php\/wp-json\/wp\/v2\/comments?post=10198"}],"version-history":[{"count":0,"href":"https:\/\/www.olloatlantico.es\/index.php\/wp-json\/wp\/v2\/pages\/10198\/revisions"}],"wp:attachment":[{"href":"https:\/\/www.olloatlantico.es\/index.php\/wp-json\/wp\/v2\/media?parent=10198"}],"curies":[{"name":"wp","href":"https:\/\/api.w.org\/{rel}","templated":true}]}}