{"id":1485,"date":"2020-06-14T14:28:17","date_gmt":"2020-06-14T12:28:17","guid":{"rendered":"http:\/\/olloatlantico.com\/?page_id=1485"},"modified":"2020-06-14T14:28:17","modified_gmt":"2020-06-14T12:28:17","slug":"manifiesto","status":"publish","type":"page","link":"https:\/\/www.olloatlantico.es\/index.php\/manifiesto\/","title":{"rendered":"Manifiesto"},"content":{"rendered":"\n<p class=\"has-text-align-center\">El Colectivo fotogr\u00e1fico&nbsp;<strong>OlloAtl\u00e1ntico<\/strong>&nbsp;nace con la intenci\u00f3n de compartir esfuerzos ideas y sensaciones pero con poca intenci\u00f3n de encasillamientos. Canalizamos nuestras inquietudes para intentar hacer un proyecto que muestre la vida cotidiana filtrada por la visi\u00f3n que cada uno de nosotros descubre en su entorno.<\/p>\n\n\n\n<p class=\"has-text-align-center\">Buscamos presentar im\u00e1genes creativas y, con mayor o menor intenci\u00f3n y fortuna, no ce\u00f1irnos a tendencias, g\u00e9neros ni dogmas fotogr\u00e1ficos concretos. Nuestro fin es expresar la relaci\u00f3n que mantenemos con el entorno social y ambiental en el que nos movemos. Miramos alrededor inclin\u00e1ndonos tanto a la fotograf\u00eda de calle, como al documentalismo, al reportaje, al retrato espont\u00e1neo o a los detalles y ambientes que reflejan la huella del paso de las personas.<\/p>\n\n\n\n<p class=\"has-text-align-center\">T\u00e9cnicamente tampoco somos r\u00edgidos ni establecemos limitaciones. En com\u00fan tenemos la costumbre de usar de forma manual c\u00e1maras, y nada m\u00e1s; unos digital, otros anal\u00f3gico, otros combinando ambos formatos; unos en color, otros en blanco y negro o seg\u00fan se tenga el estado de \u00e1nimo; sensores digitales, carretes de 35mm., formato medio o c\u00e1maras de gran formato; revelados qu\u00edmicos, ampliadoras y positivos cl\u00e1sicos o impresi\u00f3n.<\/p>\n\n\n\n<p class=\"has-text-align-center\">En nuestro blog&nbsp;<a rel=\"noreferrer noopener\" href=\"https:\/\/olloatlantico.com\/\" target=\"_blank\">olloatlantico.com<\/a>&nbsp;publicaremos peri\u00f3dicamente  un tema en concreto elegido por el propio fot\u00f3grafo.<\/p>\n","protected":false},"excerpt":{"rendered":"<p>El Colectivo fotogr\u00e1fico&nbsp;OlloAtl\u00e1ntico&nbsp;nace con la intenci\u00f3n de compartir esfuerzos ideas y sensaciones pero con poca intenci\u00f3n de encasillamientos. Canalizamos nuestras inquietudes para intentar hacer un proyecto que muestre la vida cotidiana filtrada por la visi\u00f3n que cada uno de nosotros descubre en su entorno. Buscamos presentar im\u00e1genes creativas y, con mayor o menor intenci\u00f3n y [&hellip;]<\/p>\n","protected":false},"author":4,"featured_media":0,"parent":0,"menu_order":0,"comment_status":"closed","ping_status":"closed","template":"","meta":{"jetpack_post_was_ever_published":false,"footnotes":""},"class_list":["post-1485","page","type-page","status-publish","hentry"],"jetpack_sharing_enabled":true,"_links":{"self":[{"href":"https:\/\/www.olloatlantico.es\/index.php\/wp-json\/wp\/v2\/pages\/1485","targetHints":{"allow":["GET"]}}],"collection":[{"href":"https:\/\/www.olloatlantico.es\/index.php\/wp-json\/wp\/v2\/pages"}],"about":[{"href":"https:\/\/www.olloatlantico.es\/index.php\/wp-json\/wp\/v2\/types\/page"}],"author":[{"embeddable":true,"href":"https:\/\/www.olloatlantico.es\/index.php\/wp-json\/wp\/v2\/users\/4"}],"replies":[{"embeddable":true,"href":"https:\/\/www.olloatlantico.es\/index.php\/wp-json\/wp\/v2\/comments?post=1485"}],"version-history":[{"count":0,"href":"https:\/\/www.olloatlantico.es\/index.php\/wp-json\/wp\/v2\/pages\/1485\/revisions"}],"wp:attachment":[{"href":"https:\/\/www.olloatlantico.es\/index.php\/wp-json\/wp\/v2\/media?parent=1485"}],"curies":[{"name":"wp","href":"https:\/\/api.w.org\/{rel}","templated":true}]}}