{"id":5934,"date":"2023-01-19T00:40:34","date_gmt":"2023-01-18T23:40:34","guid":{"rendered":"https:\/\/olloatlantico.com\/?page_id=5934"},"modified":"2023-01-19T00:40:34","modified_gmt":"2023-01-18T23:40:34","slug":"hablamos-con-ana-tome","status":"publish","type":"page","link":"https:\/\/www.olloatlantico.es\/index.php\/hablamos-con-ana-tome\/","title":{"rendered":"Ana Tom\u00e9"},"content":{"rendered":"\n<p>Comenzamos una nueva secci\u00f3n dentro de la web del colectivo OlloAtl\u00e1ntico, en la que iremos presentando y charlando con fot\u00f3grafos\/as que nos han llamado la atenci\u00f3n por su trabajo. En este caso hablamos con Ana Tom\u00e9, fot\u00f3grafa afincada en Betanzos, con una amplia experiencia que canaliza a trav\u00e9s de sus proyectos personales.<\/p>\n\n\n\n<div style=\"height:44px\" aria-hidden=\"true\" class=\"wp-block-spacer\"><\/div>\n\n\n\n<ol class=\"wp-block-list\">\n<li><strong>\u00bfDesde cu\u00e1ndo te interesa la fotograf\u00eda?<\/strong><\/li>\n<\/ol>\n\n\n\n<figure class=\"wp-block-image alignright size-large is-resized\"><img loading=\"lazy\" decoding=\"async\" src=\"https:\/\/olloatlantico.com\/wp-content\/uploads\/2023\/01\/mar.jpg?w=800\" alt=\"\" class=\"wp-image-6017\" width=\"400\" height=\"271\" \/><figcaption class=\"wp-element-caption\">(c) Ana Tom\u00e9<\/figcaption><\/figure>\n\n\n\n<p>Desde cr\u00eda la c\u00e1mara fue un objeto que me atra\u00eda especialmente, aunque la pintura me absorbi\u00f3, los expresionistas y los fauves en concreto. Luego pas\u00e9 gran parte de mis horas lectivas de la facultad de periodismo del Campus de Leioa en la tercera planta del edificio donde estaba el laboratorio, me encerraba durante horas bajo la l\u00e1mpara roja. De esa \u00e9poca conservo contactos de las industrias que ocupaban la margen izquierda del Nervi\u00f3n. Despu\u00e9s toc\u00f3 la reconversi\u00f3n a digital y tras periodos de macro y naturaleza opt\u00e9 por proyectos m\u00e1s personales.&nbsp;<\/p>\n\n\n\n<div style=\"height:44px\" aria-hidden=\"true\" class=\"wp-block-spacer\"><\/div>\n\n\n\n<ol class=\"wp-block-list\" start=\"2\">\n<li><strong>\u00bfQu\u00e9 significa para ti la fotograf\u00eda?<\/strong><\/li>\n<\/ol>\n\n\n\n<figure class=\"wp-block-image alignright size-large is-resized\"><img loading=\"lazy\" decoding=\"async\" src=\"https:\/\/olloatlantico.com\/wp-content\/uploads\/2023\/01\/retrato.jpg?w=800\" alt=\"\" class=\"wp-image-6009\" width=\"400\" height=\"360\" \/><figcaption class=\"wp-element-caption\">(c) Ana Tom\u00e9<\/figcaption><\/figure>\n\n\n\n<p>Como ya he se\u00f1alado en mi web, la fotograf\u00eda es una ventana a la expresividad y al descubrimiento. Y es que la esencia de la fotograf\u00eda crece dentro, una fotos\u00edntesis compleja en el que la luz es fuente de (re)creaci\u00f3n y comprensi\u00f3n. Disparar la c\u00e1mara es una t\u00e1ctica para implicarse y configurar la biograf\u00eda de un momento, mirando al enigma de la identidad y la realidad. Comparto que la fotograf\u00eda es melancol\u00eda, y que cada imagen tiene su circunstancia, su respeto, su deseo y posici\u00f3n \u00e9tica.<\/p>\n\n\n\n<div style=\"height:44px\" aria-hidden=\"true\" class=\"wp-block-spacer\"><\/div>\n\n\n\n<p><\/p>\n\n\n\n<ol class=\"wp-block-list\" start=\"3\">\n<li><strong>\u00bfQu\u00e9 tipo de fotograf\u00eda haces?<\/strong><\/li>\n<\/ol>\n\n\n\n<figure class=\"wp-block-image alignright size-large is-resized\"><img loading=\"lazy\" decoding=\"async\" src=\"https:\/\/olloatlantico.com\/wp-content\/uploads\/2023\/01\/calle.jpg?w=800\" alt=\"\" class=\"wp-image-6010\" width=\"400\" height=\"300\" \/><figcaption class=\"wp-element-caption\">(c) Ana Tom\u00e9<\/figcaption><\/figure>\n\n\n\n<p>A lo largo de los \u00faltimos a\u00f1os he hecho retrato, paisaje, foto de calle, un poco de todo, pero en este momento estoy trabajando en varios proyectos m\u00e1s personales como \u201cPasajes\u201d dedicado a mi padre. He realizado tambi\u00e9n recientemente un curso de Fotograf\u00eda Terap\u00e9utica y Participativa que plasmar\u00e9 en otro proyecto. En todo caso me sumo a las corrientes de \u201cno intervenci\u00f3n\u201d, en tanto que la escena como la luz permanecer\u00e1n espont\u00e1neas y libres de artificios, exentas del delirio de optimaci\u00f3n. Mis fotograf\u00edas son im\u00e1genes contra la perfecci\u00f3n y el convencionalismo en la era de la posverdad.<\/p>\n\n\n\n<div style=\"height:44px\" aria-hidden=\"true\" class=\"wp-block-spacer\"><\/div>\n\n\n\n<ol class=\"wp-block-list\" start=\"4\">\n<li><strong>Dinos tus referentes:<\/strong><\/li>\n<\/ol>\n\n\n\n<figure class=\"wp-block-image alignright size-large is-resized\"><img loading=\"lazy\" decoding=\"async\" src=\"https:\/\/olloatlantico.com\/wp-content\/uploads\/2023\/01\/objetos.jpg?w=800\" alt=\"\" class=\"wp-image-6011\" width=\"400\" height=\"266\" \/><figcaption class=\"wp-element-caption\">(c) Ana Tom\u00e9<\/figcaption><\/figure>\n\n\n\n<p>Tengo dos tipos de referentes, por un lado, los te\u00f3ricos: Susan Sontag, Berger, Benjamin, Joan Fontcuberta&#8230;y por otra parte los visuales: Robert Frank, Saul Leiter, Diane Arbus, Imogen Cunningham, Francesca Woodman, Joel Meyerowitz&#8230;y entre los espa\u00f1oles Joana Biarn\u00e9s, Anna Turbau, Isabel Mu\u00f1oz, Pep Bonet, Alberto Garc\u00eda Alix o Vari Caram\u00e9s.&nbsp;<\/p>\n\n\n\n<div style=\"height:44px\" aria-hidden=\"true\" class=\"wp-block-spacer\"><\/div>\n\n\n\n<p><\/p>\n\n\n\n<p> 5. <strong>\u00bfCu\u00e1les son tus objetivos, qu\u00e9 buscas?<\/strong>&nbsp;<\/p>\n\n\n\n<figure class=\"wp-block-image alignright size-large is-resized\"><img loading=\"lazy\" decoding=\"async\" src=\"https:\/\/olloatlantico.com\/wp-content\/uploads\/2023\/01\/urbex.jpg?w=600\" alt=\"\" class=\"wp-image-6012\" width=\"300\" height=\"400\" \/><figcaption class=\"wp-element-caption\">(c) Ana Tom\u00e9<\/figcaption><\/figure>\n\n\n\n<p>Mi \u00fanico objetivo es mirar y sentir conscientemente a trav\u00e9s de ese aparato m\u00e1gico y complejo que es la c\u00e1mara. Generar im\u00e1genes que expresen de manera consciente mi lugar y momento a trav\u00e9s de un estilo est\u00e9tico determinado. Despu\u00e9s de todo, fotografiar es un proceso mental complejo, una acci\u00f3n, un pensamiento atravesado por la raz\u00f3n po\u00e9tica, un acto creativo y evolutivo de confluencias donde la t\u00e9cnica es s\u00f3lo la posibilidad de realizar la idea. Como afirma Carmen Dalmau en su ensayo <em>Elogio de la mirada<\/em>: \u201cla fotograf\u00eda supera lo meramente est\u00e9tico para ver y mirar m\u00e1s all\u00e1 de lo obvio, para conectar con la realidad facilitando procesos conscientes que articulan significados que generan a su vez valores y creencias\u201d.&nbsp;&nbsp;<\/p>\n\n\n\n<div style=\"height:44px\" aria-hidden=\"true\" class=\"wp-block-spacer\"><\/div>\n\n\n\n<p><\/p>\n\n\n\n<div style=\"height:81px\" aria-hidden=\"true\" class=\"wp-block-spacer\"><\/div>\n\n\n\n<p>A continuaci\u00f3n os mostramos las im\u00e1genes del proyecto <strong>1902, <\/strong>de Ana Tom\u00e9:<\/p>\n\n\n\n<p class=\"has-x-large-font-size\">1902<\/p>\n\n\n\n<figure class=\"wp-block-image size-large\"><img decoding=\"async\" src=\"https:\/\/olloatlantico.com\/wp-content\/uploads\/2023\/01\/1.jpg?w=1024\" alt=\"\" class=\"wp-image-5938\" \/><\/figure>\n\n\n\n<figure class=\"wp-block-image size-large\"><img decoding=\"async\" src=\"https:\/\/olloatlantico.com\/wp-content\/uploads\/2023\/01\/2.jpg?w=768\" alt=\"\" class=\"wp-image-5939\" \/><\/figure>\n\n\n\n<p><strong><\/strong><\/p>\n\n\n\n<figure class=\"wp-block-table aligncenter is-style-stripes\" style=\"font-size:clamp(16.293px, 1.018rem + ((1vw - 3.2px) * 0.68), 25px);\"><table><tbody><tr><td class=\"has-text-align-center\" data-align=\"center\">Construido en 1902 por los Hermanos <br>Garc\u00eda Naveira el Lavadero junto al r\u00edo <br>Mendo en Betanzos es uno de los ejemplos <br>de arquitectura civil modernista.&nbsp; <br><br>Es tambi\u00e9n muestra de la&nbsp;<br>desidia, abandono y desinter\u00e9s&nbsp;<br>por el patrimonio.<\/td><\/tr><tr><td class=\"has-text-align-center\" data-align=\"center\">Im\u00e1genes: Ana Tom\u00e9<\/td><\/tr><tr><td class=\"has-text-align-center\" data-align=\"center\">\u00abYesterday is History,&nbsp;<br>\u2019Tis so far away \u2013&nbsp;<br>Yesterday is Poetry \u2013&nbsp;<br>\u2019Tis Philosophy \u2013&nbsp;<br>Yesterday is mystery\u00bb \u2013&nbsp;<br><br>\u00abAyer es Historia,&nbsp;<br>Est\u00e1 tan lejos \u2013&nbsp;<br>Ayer es Poes\u00eda \u2013 es Filosof\u00eda \u2013<br>Ayer es misterio\u00bb \u2013&nbsp;<\/td><\/tr><tr><td class=\"has-text-align-center\" data-align=\"center\"><\/td><\/tr><tr><td class=\"has-text-align-center\" data-align=\"center\">(1292)&nbsp;<br>Emily Dickinson<\/td><\/tr><\/tbody><\/table><\/figure>\n\n\n\n<p class=\"has-text-align-center has-background\" style=\"background-color:#f7f7f9;font-size:clamp(18.959px, 1.185rem + ((1vw - 3.2px) * 0.863), 30px);line-height:0\"><\/p>\n\n\n\n<figure class=\"wp-block-image size-large\"><img decoding=\"async\" src=\"https:\/\/olloatlantico.com\/wp-content\/uploads\/2023\/01\/3.jpg?w=1024\" alt=\"\" class=\"wp-image-5941\" \/><\/figure>\n\n\n\n<figure class=\"wp-block-image size-large\"><img decoding=\"async\" src=\"https:\/\/olloatlantico.com\/wp-content\/uploads\/2023\/01\/4.jpg?w=1024\" alt=\"\" class=\"wp-image-5942\" \/><\/figure>\n\n\n\n<figure class=\"wp-block-image size-large\"><img decoding=\"async\" src=\"https:\/\/olloatlantico.com\/wp-content\/uploads\/2023\/01\/5.jpg?w=768\" alt=\"\" class=\"wp-image-5944\" \/><\/figure>\n\n\n\n<figure class=\"wp-block-image size-large\"><img decoding=\"async\" src=\"https:\/\/olloatlantico.com\/wp-content\/uploads\/2023\/01\/6.jpg?w=768\" alt=\"\" class=\"wp-image-5955\" \/><\/figure>\n\n\n\n<figure class=\"wp-block-image size-large\"><img decoding=\"async\" src=\"https:\/\/olloatlantico.com\/wp-content\/uploads\/2023\/01\/8.jpg?w=1024\" alt=\"\" class=\"wp-image-5967\" \/><\/figure>\n\n\n\n<figure class=\"wp-block-image size-large\"><img decoding=\"async\" src=\"https:\/\/olloatlantico.com\/wp-content\/uploads\/2023\/01\/9.jpg?w=1024\" alt=\"\" class=\"wp-image-5963\" \/><\/figure>\n\n\n\n<figure class=\"wp-block-image size-large\"><img decoding=\"async\" src=\"https:\/\/olloatlantico.com\/wp-content\/uploads\/2023\/01\/10.jpg?w=768\" alt=\"\" class=\"wp-image-5953\" \/><\/figure>\n\n\n\n<figure class=\"wp-block-image size-large\"><img decoding=\"async\" src=\"https:\/\/olloatlantico.com\/wp-content\/uploads\/2023\/01\/11.jpg?w=1024\" alt=\"\" class=\"wp-image-5961\" \/><\/figure>\n\n\n\n<figure class=\"wp-block-image size-large\"><img decoding=\"async\" src=\"https:\/\/olloatlantico.com\/wp-content\/uploads\/2023\/01\/12.jpg?w=768\" alt=\"\" class=\"wp-image-5956\" \/><\/figure>\n\n\n\n<figure class=\"wp-block-image size-large\"><img decoding=\"async\" src=\"https:\/\/olloatlantico.com\/wp-content\/uploads\/2023\/01\/14.jpg?w=1024\" alt=\"\" class=\"wp-image-5951\" \/><\/figure>\n\n\n\n<figure class=\"wp-block-image size-large\"><img decoding=\"async\" src=\"https:\/\/olloatlantico.com\/wp-content\/uploads\/2023\/01\/15.jpg?w=1024\" alt=\"\" class=\"wp-image-5949\" \/><\/figure>\n\n\n\n<figure class=\"wp-block-image size-large\"><img decoding=\"async\" src=\"https:\/\/olloatlantico.com\/wp-content\/uploads\/2023\/01\/16.jpg?w=768\" alt=\"\" class=\"wp-image-5950\" \/><\/figure>\n\n\n\n<figure class=\"wp-block-image size-large\"><img decoding=\"async\" src=\"https:\/\/olloatlantico.com\/wp-content\/uploads\/2023\/01\/17.jpg?w=1024\" alt=\"\" class=\"wp-image-5968\" \/><\/figure>\n\n\n\n<figure class=\"wp-block-image size-large\"><img decoding=\"async\" src=\"https:\/\/olloatlantico.com\/wp-content\/uploads\/2023\/01\/18.jpg?w=1024\" alt=\"\" class=\"wp-image-5959\" \/><\/figure>\n\n\n\n<figure class=\"wp-block-image size-large\"><img decoding=\"async\" src=\"https:\/\/olloatlantico.com\/wp-content\/uploads\/2023\/01\/19.jpg?w=1024\" alt=\"\" class=\"wp-image-5948\" \/><\/figure>\n\n\n\n<figure class=\"wp-block-image size-large\"><img decoding=\"async\" src=\"https:\/\/olloatlantico.com\/wp-content\/uploads\/2023\/01\/20.jpg?w=1024\" alt=\"\" class=\"wp-image-5947\" \/><\/figure>\n\n\n\n<figure class=\"wp-block-image size-large\"><img decoding=\"async\" src=\"https:\/\/olloatlantico.com\/wp-content\/uploads\/2023\/01\/21.jpg?w=768\" alt=\"\" class=\"wp-image-5962\" \/><\/figure>\n\n\n\n<figure class=\"wp-block-image size-large\"><img decoding=\"async\" src=\"https:\/\/olloatlantico.com\/wp-content\/uploads\/2023\/01\/22.jpg?w=768\" alt=\"\" class=\"wp-image-5960\" \/><\/figure>\n\n\n\n<figure class=\"wp-block-image size-large\"><img decoding=\"async\" src=\"https:\/\/olloatlantico.com\/wp-content\/uploads\/2023\/01\/23.jpg?w=1024\" alt=\"\" class=\"wp-image-5957\" \/><\/figure>\n\n\n\n<figure class=\"wp-block-image size-large\"><img decoding=\"async\" src=\"https:\/\/olloatlantico.com\/wp-content\/uploads\/2023\/01\/24.jpg?w=1024\" alt=\"\" class=\"wp-image-5954\" \/><\/figure>\n\n\n\n<figure class=\"wp-block-image size-large\"><img decoding=\"async\" src=\"https:\/\/olloatlantico.com\/wp-content\/uploads\/2023\/01\/25.jpg?w=768\" alt=\"\" class=\"wp-image-5952\" \/><\/figure>\n\n\n\n<figure class=\"wp-block-image size-large\"><img decoding=\"async\" src=\"https:\/\/olloatlantico.com\/wp-content\/uploads\/2023\/01\/26.jpg?w=1024\" alt=\"\" class=\"wp-image-5964\" \/><\/figure>\n\n\n\n<figure class=\"wp-block-image size-large\"><img decoding=\"async\" src=\"https:\/\/olloatlantico.com\/wp-content\/uploads\/2023\/01\/27.jpg?w=1024\" alt=\"\" class=\"wp-image-5966\" \/><\/figure>\n\n\n\n<div style=\"height:100px\" aria-hidden=\"true\" class=\"wp-block-spacer\"><\/div>\n\n\n\n<p style=\"font-size:clamp(16.293px, 1.018rem + ((1vw - 3.2px) * 0.68), 25px);\"><strong>Bio<\/strong><\/p>\n\n\n\n<p>Ana Tom\u00e9 (Barakaldo, 1970)<\/p>\n\n\n\n<p>Periodista y docente.<\/p>\n\n\n\n<p>Master en Comunicaci\u00f3n y educaci\u00f3n en la red. Cursando Antropolog\u00eda Visual&nbsp;<\/p>\n\n\n\n<p>Autora del proyecto \u201c12 miradas en Femenino\u201d (12miradasfotograficas.wordpress.com)<\/p>\n\n\n\n<p>Coautora del fotopoemario Photoversia.<\/p>\n\n\n\n<p>Web: <a href=\"http:\/\/www.anatomefotograf\u00eda.com\">anatomefotograf\u00eda.com<\/a>&nbsp;<\/p>\n\n\n\n<p>Instagram: <a href=\"https:\/\/www.instagram.com\/aneshots\/\">@anatome<\/a><\/p>\n\n\n\n<p>Facebook: <a href=\"https:\/\/www.facebook.com\/ana.tomem\">www.facebook.com\/ana.tomem<\/a><\/p>\n\n\n\n<p><\/p>\n","protected":false},"excerpt":{"rendered":"<p>Comenzamos una nueva secci\u00f3n dentro de la web del colectivo OlloAtl\u00e1ntico, en la que iremos presentando y charlando con fot\u00f3grafos\/as que nos han llamado la atenci\u00f3n por su trabajo. En este caso hablamos con Ana Tom\u00e9, fot\u00f3grafa afincada en Betanzos, con una amplia experiencia que canaliza a trav\u00e9s de sus proyectos personales. Desde cr\u00eda la [&hellip;]<\/p>\n","protected":false},"author":9,"featured_media":0,"parent":0,"menu_order":0,"comment_status":"closed","ping_status":"closed","template":"","meta":{"jetpack_post_was_ever_published":false,"footnotes":""},"class_list":["post-5934","page","type-page","status-publish","hentry"],"jetpack_sharing_enabled":true,"_links":{"self":[{"href":"https:\/\/www.olloatlantico.es\/index.php\/wp-json\/wp\/v2\/pages\/5934","targetHints":{"allow":["GET"]}}],"collection":[{"href":"https:\/\/www.olloatlantico.es\/index.php\/wp-json\/wp\/v2\/pages"}],"about":[{"href":"https:\/\/www.olloatlantico.es\/index.php\/wp-json\/wp\/v2\/types\/page"}],"author":[{"embeddable":true,"href":"https:\/\/www.olloatlantico.es\/index.php\/wp-json\/wp\/v2\/users\/9"}],"replies":[{"embeddable":true,"href":"https:\/\/www.olloatlantico.es\/index.php\/wp-json\/wp\/v2\/comments?post=5934"}],"version-history":[{"count":0,"href":"https:\/\/www.olloatlantico.es\/index.php\/wp-json\/wp\/v2\/pages\/5934\/revisions"}],"wp:attachment":[{"href":"https:\/\/www.olloatlantico.es\/index.php\/wp-json\/wp\/v2\/media?parent=5934"}],"curies":[{"name":"wp","href":"https:\/\/api.w.org\/{rel}","templated":true}]}}