{"id":7309,"date":"2023-08-04T17:07:00","date_gmt":"2023-08-04T15:07:00","guid":{"rendered":"https:\/\/olloatlantico.com\/?page_id=7309"},"modified":"2023-08-04T17:07:00","modified_gmt":"2023-08-04T15:07:00","slug":"isa-egea","status":"publish","type":"page","link":"https:\/\/www.olloatlantico.es\/index.php\/isa-egea\/","title":{"rendered":"Isa Egea"},"content":{"rendered":"\n<figure class=\"wp-block-image alignright size-large is-resized\"><img loading=\"lazy\" decoding=\"async\" src=\"https:\/\/olloatlantico.com\/wp-content\/uploads\/2023\/07\/jardin-de-manos.jpg?w=1024\" alt=\"\" class=\"wp-image-7355\" style=\"width:385px;height:256px\" width=\"385\" height=\"256\" \/><\/figure>\n\n\n\n<p>En esta nueva ocasi\u00f3n entrevistamos a la fot\u00f3grafa catalana Isa Egea, a la cual sigo desde hace a\u00f1os. Al principio me atrajeron sus maravillosos retratos, y poco a poco fui conociendo el resto y me sedujo con sus paisajes on\u00edricos. Creo que estamos delante de una artista visual, cuyas herramientas pueden ir desde t\u00e9cnicas m\u00e1s tradicionales como pueden ser las cianotipias,  a las m\u00e1s avanzadas como la inteligencia artificial. Lo suyo es valerse de cualquier herramienta, para sugerir, mostrar y expresar lo que siente.<\/p>\n\n\n\n<div style=\"height:60px\" aria-hidden=\"true\" class=\"wp-block-spacer\"><\/div>\n\n\n\n<p style=\"font-size:clamp(16.834px, 1.052rem + ((1vw - 3.2px) * 0.716), 26px);\"><strong>El hoy continuo:<\/strong><\/p>\n\n\n\n<figure class=\"wp-block-image alignleft size-large is-resized\"><img loading=\"lazy\" decoding=\"async\" src=\"https:\/\/olloatlantico.com\/wp-content\/uploads\/2023\/07\/vistiendo-a-juana.jpg?w=1024\" alt=\"\" class=\"wp-image-7356\" style=\"width:303px;height:303px\" width=\"303\" height=\"303\" \/><\/figure>\n\n\n\n<p>\u00abMe llamo Isa Egea Vera, y nac\u00ed hace 64 a\u00f1os en Hospitalet del Llobregat, Barcelona, donde resido nuevamente despu\u00e9s de haber vivido en diferentes lugares.<\/p>\n\n\n\n<p>Cuando era peque\u00f1a nunca ped\u00ed juguetes a los reyes magos, solo l\u00e1pices de colores. Cada a\u00f1o un estuche mayor.<\/p>\n\n\n\n<p>Estudi\u00e9 bellas artes en la escuela Massana con especialidad en pintura, teatro en la escuela de Nancy Tu\u00f1\u00f3n as\u00ed como diversos cursos de retoque de imagen digital y audiovisuales.<\/p>\n\n\n\n<p>Mi actividad profesional, tanto en el terreno art\u00edstico como en cualquier otro ha sido de lo m\u00e1s variopinta y enriquecedora.\u00bb<\/p>\n\n\n\n<div style=\"height:63px\" aria-hidden=\"true\" class=\"wp-block-spacer\"><\/div>\n\n\n\n<p style=\"font-size:clamp(16.834px, 1.052rem + ((1vw - 3.2px) * 0.716), 26px);\"><strong>\u00bfC\u00f3mo lleg\u00f3 a t\u00ed la fotograf\u00eda?<\/strong><\/p>\n\n\n\n<p>La fotograf\u00eda llego a m\u00ed aparte de como una asignatura en la escuela, como soporte de otras disciplinas art\u00edsticas. De un viaje a la Patagonia traje muchas fotos de glaciares y hielo.&nbsp; Sustitu\u00ed las etiquetas de cientos de botellas de agua, por estas fotograf\u00edas creando una escultura iluminada en la base con forma de menhir (no se si me explico bien, ah\u00ed dejo lo imaginaci\u00f3n al lector).<\/p>\n\n\n\n<p>De ese trabajo surgi\u00f3 una residencia art\u00edstica en Oporto, donde despu\u00e9s de fotografiar sus calles durante un mes las present\u00e9 a modo de \u00abstop motion\u00bb, proyectada en una pared, adem\u00e1s de una foto-instalaci\u00f3n sobre la pobreza, todo ello se expuso en la galer\u00eda Ideas Emergentes.<\/p>\n\n\n\n<p>De ah\u00ed surgi\u00f3 otro trabajo de foto-instalaci\u00f3n en la fuente de la plaza del ayuntamiento de Hospitalet, durante el festival \u201dPer amor a l\u2019hart\u201d, sobre el agua y en gran formato.<\/p>\n\n\n\n<figure class=\"wp-block-image alignright size-large is-resized\"><img loading=\"lazy\" decoding=\"async\" src=\"https:\/\/olloatlantico.com\/wp-content\/uploads\/2023\/07\/la-tristeza-de.jpg?w=1024\" alt=\"\" class=\"wp-image-7365\" style=\"width:336px;height:293px\" width=\"336\" height=\"293\" \/><\/figure>\n\n\n\n<p>Todo ello paralelamente a mi continuo trabajo pict\u00f3rico, o de otros \u00edndoles muy vinculados con lo ef\u00edmero, como pintar en bloques de hormig\u00f3n en el mar de la Barceloneta, cuadros de animales dispersos por parques, esculturas de p\u00e1jaros en cart\u00f3n piedra en ramas de \u00e1rboles, obras de teatro en calidad de directora donde usaba el video como escenograf\u00eda, y bien un largo etc\u00e9tera,  que he ido dejando por el camino, as\u00ed tan alegremente y en diferentes lugares geogr\u00e1ficos; hasta abandonar los pinceles.<\/p>\n\n\n\n<div style=\"height:50px\" aria-hidden=\"true\" class=\"wp-block-spacer\"><\/div>\n\n\n\n<p style=\"font-size:clamp(16.293px, 1.018rem + ((1vw - 3.2px) * 0.68), 25px);\"><strong>\u00bfQu\u00e9 significa, entonces para ti hoy la fotograf\u00eda? <\/strong><\/p>\n\n\n\n<figure class=\"wp-block-image alignright size-large is-resized\"><img loading=\"lazy\" decoding=\"async\" src=\"https:\/\/olloatlantico.com\/wp-content\/uploads\/2023\/07\/358874441_1033055284519017_5041458899078095785_n-1.jpg?w=1024\" alt=\"\" class=\"wp-image-7362\" style=\"width:318px;height:318px\" width=\"318\" height=\"318\" \/><\/figure>\n\n\n\n<p>Todo ello ha influido a la fot\u00f3grafa que soy ahora, autodidacta, solitaria y ecl\u00e9ctica, despu\u00e9s de hacer mucha foto social, callejera, much\u00edsimos retratos, bodas, foto producto, modelos etc. y despu\u00e9s un gran \u00a1basta!, ha sido cuando verdaderamente la fotograf\u00eda, la imagen, se ha apoderado de m\u00ed, y en ese momento  se ha convertido en mi m\u00e1ximo veh\u00edculo de expresi\u00f3n.<\/p>\n\n\n\n<div style=\"height:76px\" aria-hidden=\"true\" class=\"wp-block-spacer\"><\/div>\n\n\n\n<p style=\"font-size:clamp(16.834px, 1.052rem + ((1vw - 3.2px) * 0.716), 26px);\"><strong>\u00bfQu\u00e9 tipo de fotograf\u00eda haces?<\/strong><\/p>\n\n\n\n<figure class=\"wp-block-image alignleft size-large is-resized\"><img loading=\"lazy\" decoding=\"async\" src=\"https:\/\/olloatlantico.com\/wp-content\/uploads\/2023\/07\/363849424_839384143910167_5462100526098486989_n-1-1.jpg?w=682\" alt=\"\" class=\"wp-image-7318\" style=\"width:320px;height:480px\" width=\"320\" height=\"480\" \/><\/figure>\n\n\n\n<p>He hecho de todo tipo de fotograf\u00eda, y sobre todo mucho retrato:  en muchas ocasiones han colaborado conmigo personas que han entendido mis ideas y se han prestado a representarlas. <\/p>\n\n\n\n<p>Trabajo de una forma impulsiva e intuitiva. Existen dos momentos uno de producci\u00f3n y otro de postproducci\u00f3n, en el primero utilizo m\u00e1s la cabeza que en el segundo y me dejo llevar hasta cuando es la propia imagen la que me dice que ya est\u00e1, que la deje tranquila.<\/p>\n\n\n\n<p>Suelo usar texturas tanto si trabajo en blanco y negro como en color.<\/p>\n\n\n\n<p>Algunas de las fotos las revelo haciendo cianotipias, normales o tonificadas con t\u00e9s y caf\u00e9s para lograr diferentes tonalidades, el tema son mayoritariamente peces y medusas, aunque tambi\u00e9n alg\u00fan retrato.<\/p>\n\n\n\n<figure class=\"wp-block-gallery has-nested-images columns-default is-cropped wp-block-gallery-1 is-layout-flex wp-block-gallery-is-layout-flex\">\n<figure class=\"wp-block-image size-large\"><img decoding=\"async\" data-id=\"7319\" src=\"https:\/\/olloatlantico.com\/wp-content\/uploads\/2023\/07\/359191822_1353855028876104_5621451676181869574_n.jpg?w=683\" alt=\"\" class=\"wp-image-7319\" \/><\/figure>\n\n\n\n<figure class=\"wp-block-image size-large\"><img decoding=\"async\" data-id=\"7320\" src=\"https:\/\/olloatlantico.com\/wp-content\/uploads\/2023\/07\/358640922_3081360598838415_3439708846647049953_n.jpg?w=683\" alt=\"\" class=\"wp-image-7320\" \/><\/figure>\n<\/figure>\n\n\n\n<p>Para ordenar un poco mi gran productividad voy haciendo \u00e1lbumes f\u00edsicos de 15 x 15 con formato y maquetados en forma de libros ( Humo en mi coraz\u00f3n, Destrozos, Falsas polaroids, Instantes ausentes&#8230;), sin m\u00e1s pretensi\u00f3n que saber qu\u00e9 historia quer\u00eda contar con ese tipo de fotos. Se pueden ver algunos esbozos en las publicaciones fijadas en mi ca\u00f3tico Instagram.<\/p>\n\n\n\n<p><em>Humo en mi coraz\u00f3n<\/em>:<\/p>\n\n\n\n<figure class=\"wp-block-gallery has-nested-images columns-default is-cropped wp-block-gallery-2 is-layout-flex wp-block-gallery-is-layout-flex\">\n<figure class=\"wp-block-image size-large\"><img decoding=\"async\" data-id=\"7323\" src=\"https:\/\/olloatlantico.com\/wp-content\/uploads\/2023\/07\/cocina-puri-2-libtito.jpg?w=1024\" alt=\"\" class=\"wp-image-7323\" \/><\/figure>\n\n\n\n<figure class=\"wp-block-image size-large\"><img decoding=\"async\" data-id=\"7324\" src=\"https:\/\/olloatlantico.com\/wp-content\/uploads\/2023\/07\/dscf7284.jpg?w=1024\" alt=\"\" class=\"wp-image-7324\" \/><\/figure>\n<\/figure>\n\n\n\n<div style=\"height:12px\" aria-hidden=\"true\" class=\"wp-block-spacer\"><\/div>\n\n\n\n<p class=\"has-text-align-left\"><em>Destrozos:<\/em><\/p>\n\n\n\n<figure class=\"wp-block-gallery has-nested-images columns-default is-cropped wp-block-gallery-3 is-layout-flex wp-block-gallery-is-layout-flex\">\n<figure class=\"wp-block-image size-large\"><img decoding=\"async\" data-id=\"7326\" src=\"https:\/\/olloatlantico.com\/wp-content\/uploads\/2023\/07\/cielo-extrano.jpg?w=1024\" alt=\"\" class=\"wp-image-7326\" \/><\/figure>\n\n\n\n<figure class=\"wp-block-image size-large\"><img decoding=\"async\" data-id=\"7325\" src=\"https:\/\/olloatlantico.com\/wp-content\/uploads\/2023\/07\/humo-cara.jpg?w=1024\" alt=\"\" class=\"wp-image-7325\" \/><\/figure>\n<\/figure>\n\n\n\n<p>                                                              <\/p>\n\n\n\n<figure class=\"wp-block-image alignleft size-large is-resized\"><img loading=\"lazy\" decoding=\"async\" src=\"https:\/\/olloatlantico.com\/wp-content\/uploads\/2023\/07\/357046838_951362586090272_1732079729414650461_n.jpg?w=1024\" alt=\"\" class=\"wp-image-7335\" style=\"width:334px;height:334px\" width=\"334\" height=\"334\" \/><\/figure>\n\n\n\n<p class=\"has-text-align-left\">Soy curiosa, me gusta experimentar con t\u00e9cnicas y herramientas diferentes. La \u00faltima ha sido crear im\u00e1genes con Inteligencia artificial. Me he servido de ella para expresar, un dolor personal y no tan personal como es el c\u00e1ncer de mama, las consecuencias de la quimioterapia y de ah\u00ed mi serie de \u201cMujeres sin pelo\u201d, ha sido una forma de desahogarme sin necesitar ninguna modelo.<\/p>\n\n\n\n<p>No tengo proyectos conscientes, yo cada d\u00eda hago algo. Eso es lo que necesito, \u201chacer\u201d cada d\u00eda.<\/p>\n\n\n\n<p>Me interesa el hoy, un hoy continuo.<\/p>\n\n\n\n<div style=\"height:100px\" aria-hidden=\"true\" class=\"wp-block-spacer\"><\/div>\n\n\n\n<p style=\"font-size:clamp(16.293px, 1.018rem + ((1vw - 3.2px) * 0.68), 25px);\"><strong>\u00bfCu\u00e1les son tus referentes?<\/strong><\/p>\n\n\n\n<p>No tengo referentes de fot\u00f3grafos, los tuve de pintores, pero si he de decir uno, me encanta Saul Leiter, el adorable cascarrabias.<\/p>\n\n\n\n<div style=\"height:57px\" aria-hidden=\"true\" class=\"wp-block-spacer\"><\/div>\n\n\n\n<figure class=\"wp-block-image alignright size-large is-resized\"><img loading=\"lazy\" decoding=\"async\" src=\"https:\/\/olloatlantico.com\/wp-content\/uploads\/2023\/07\/357330885_738176204743522_2597710307871157616_n-1.jpg?w=1024\" alt=\"\" class=\"wp-image-7369\" style=\"width:324px;height:324px\" width=\"324\" height=\"324\" \/><\/figure>\n\n\n\n<p style=\"font-size:clamp(17.371px, 1.086rem + ((1vw - 3.2px) * 0.752), 27px);\"><strong>\u00bfY tus objetivos? \u00bfQu\u00e9 buscas?<\/strong><\/p>\n\n\n\n<p>En la fotograf\u00eda no busco nada, m\u00e1s bien encuentro, encuentro v\u00e9rtigo, pasi\u00f3n y consuelo; encuentro la manera de expresar mis sentimientos y mi sensibilidad tan turbulenta y t\u00edmida.<\/p>\n\n\n\n<div style=\"height:39px\" aria-hidden=\"true\" class=\"wp-block-spacer\"><\/div>\n\n\n\n<p style=\"font-size:clamp(17.371px, 1.086rem + ((1vw - 3.2px) * 0.752), 27px);\"><strong>Paisajes inventados<\/strong><\/p>\n\n\n\n<p>Me gusta crear paisajes, mezclar \u00e1rboles, mares, cielos, personas. Utilizo dobles exposiciones directamente con la c\u00e1mara y con alg\u00fan retoque posterior, los llamo \u201cPaisajes inventados\u201c supongo que de una manera u otra estoy hablando del cambio clim\u00e1tico, s\u00ed, porque en algunas, las he hecho con intenci\u00f3n. Tengo muchos, as\u00ed que volver\u00e9 hacer \u201cmis libritos\u201d.<\/p>\n\n\n\n<figure class=\"wp-block-gallery has-nested-images columns-default is-cropped wp-block-gallery-4 is-layout-flex wp-block-gallery-is-layout-flex\">\n<figure class=\"wp-block-image size-large\"><img decoding=\"async\" data-id=\"7345\" src=\"https:\/\/olloatlantico.com\/wp-content\/uploads\/2023\/07\/272803064_1116852622479919_8665583324590941495_n.jpg?w=1024\" alt=\"\" class=\"wp-image-7345\" \/><\/figure>\n\n\n\n<figure class=\"wp-block-image size-large\"><img decoding=\"async\" data-id=\"7342\" src=\"https:\/\/olloatlantico.com\/wp-content\/uploads\/2023\/07\/358725166_3079522769009638_4422053447300330960_n.jpg?w=1024\" alt=\"\" class=\"wp-image-7342\" \/><\/figure>\n\n\n\n<figure class=\"wp-block-image size-large\"><img decoding=\"async\" data-id=\"7344\" src=\"https:\/\/olloatlantico.com\/wp-content\/uploads\/2023\/07\/359571614_190506587160671_7978747408897361465_n.jpg?w=1024\" alt=\"\" class=\"wp-image-7344\" \/><\/figure>\n\n\n\n<figure class=\"wp-block-image size-large\"><img decoding=\"async\" data-id=\"7341\" src=\"https:\/\/olloatlantico.com\/wp-content\/uploads\/2023\/07\/359584502_251232741021124_8746735874424039088_n.jpg?w=1024\" alt=\"\" class=\"wp-image-7341\" \/><\/figure>\n\n\n\n<figure class=\"wp-block-image size-large\"><img decoding=\"async\" data-id=\"7343\" src=\"https:\/\/olloatlantico.com\/wp-content\/uploads\/2023\/07\/359674386_241499068785257_5878607667767232537_n.jpg?w=1024\" alt=\"\" class=\"wp-image-7343\" \/><\/figure>\n\n\n\n<figure class=\"wp-block-image size-large\"><img decoding=\"async\" data-id=\"7346\" src=\"https:\/\/olloatlantico.com\/wp-content\/uploads\/2023\/07\/359775679_812546997175726_1075494908838426833_n.jpg?w=1024\" alt=\"\" class=\"wp-image-7346\" \/><\/figure>\n\n\n\n<figure class=\"wp-block-image size-large\"><img decoding=\"async\" data-id=\"7350\" src=\"https:\/\/olloatlantico.com\/wp-content\/uploads\/2023\/07\/358629116_532311662357159_7462809699602259035_n.jpg?w=742\" alt=\"\" class=\"wp-image-7350\" \/><\/figure>\n\n\n\n<figure class=\"wp-block-image size-large\"><img decoding=\"async\" data-id=\"7353\" src=\"https:\/\/olloatlantico.com\/wp-content\/uploads\/2023\/07\/358914920_1273434929947437_8716181871361580130_n.jpg?w=788\" alt=\"\" class=\"wp-image-7353\" \/><\/figure>\n\n\n\n<figure class=\"wp-block-image size-large\"><img decoding=\"async\" data-id=\"7349\" src=\"https:\/\/olloatlantico.com\/wp-content\/uploads\/2023\/07\/359516993_823842596083243_7363349384778896092_n.jpg?w=666\" alt=\"\" class=\"wp-image-7349\" \/><\/figure>\n\n\n\n<figure class=\"wp-block-image size-large\"><img decoding=\"async\" data-id=\"7351\" src=\"https:\/\/olloatlantico.com\/wp-content\/uploads\/2023\/07\/359566981_654232473029652_8585580937713784703_n.jpg?w=675\" alt=\"\" class=\"wp-image-7351\" \/><\/figure>\n\n\n\n<figure class=\"wp-block-image size-large\"><img decoding=\"async\" data-id=\"7352\" src=\"https:\/\/olloatlantico.com\/wp-content\/uploads\/2023\/07\/359672820_981515579834286_6968040709503960661_n.jpg?w=690\" alt=\"\" class=\"wp-image-7352\" \/><\/figure>\n\n\n\n<figure class=\"wp-block-image size-large\"><img decoding=\"async\" data-id=\"7348\" src=\"https:\/\/olloatlantico.com\/wp-content\/uploads\/2023\/07\/359759723_669506384647260_7315222235331227063_n.jpg?w=640\" alt=\"\" class=\"wp-image-7348\" \/><\/figure>\n<\/figure>\n","protected":false},"excerpt":{"rendered":"<p>En esta nueva ocasi\u00f3n entrevistamos a la fot\u00f3grafa catalana Isa Egea, a la cual sigo desde hace a\u00f1os. Al principio me atrajeron sus maravillosos retratos, y poco a poco fui conociendo el resto y me sedujo con sus paisajes on\u00edricos. Creo que estamos delante de una artista visual, cuyas herramientas pueden ir desde t\u00e9cnicas m\u00e1s [&hellip;]<\/p>\n","protected":false},"author":16,"featured_media":0,"parent":0,"menu_order":0,"comment_status":"closed","ping_status":"closed","template":"","meta":{"jetpack_post_was_ever_published":false,"footnotes":""},"class_list":["post-7309","page","type-page","status-publish","hentry"],"jetpack_sharing_enabled":true,"_links":{"self":[{"href":"https:\/\/www.olloatlantico.es\/index.php\/wp-json\/wp\/v2\/pages\/7309","targetHints":{"allow":["GET"]}}],"collection":[{"href":"https:\/\/www.olloatlantico.es\/index.php\/wp-json\/wp\/v2\/pages"}],"about":[{"href":"https:\/\/www.olloatlantico.es\/index.php\/wp-json\/wp\/v2\/types\/page"}],"author":[{"embeddable":true,"href":"https:\/\/www.olloatlantico.es\/index.php\/wp-json\/wp\/v2\/users\/16"}],"replies":[{"embeddable":true,"href":"https:\/\/www.olloatlantico.es\/index.php\/wp-json\/wp\/v2\/comments?post=7309"}],"version-history":[{"count":0,"href":"https:\/\/www.olloatlantico.es\/index.php\/wp-json\/wp\/v2\/pages\/7309\/revisions"}],"wp:attachment":[{"href":"https:\/\/www.olloatlantico.es\/index.php\/wp-json\/wp\/v2\/media?parent=7309"}],"curies":[{"name":"wp","href":"https:\/\/api.w.org\/{rel}","templated":true}]}}