{"id":9788,"date":"2024-11-23T18:48:45","date_gmt":"2024-11-23T17:48:45","guid":{"rendered":"https:\/\/olloatlantico.com\/?page_id=9788"},"modified":"2024-11-23T18:48:45","modified_gmt":"2024-11-23T17:48:45","slug":"miguel-muniz","status":"publish","type":"page","link":"https:\/\/www.olloatlantico.es\/index.php\/miguel-muniz\/","title":{"rendered":"Miguel Mu\u00f1iz"},"content":{"rendered":"\n<figure class=\"wp-block-image size-large is-resized\"><img decoding=\"async\" src=\"https:\/\/olloatlantico.com\/wp-content\/uploads\/2024\/11\/el-secreto-de-las-flores-variadas.jpg?w=1024\" alt=\"\" class=\"wp-image-9791\" style=\"width:697px;height:auto\" \/><figcaption class=\"wp-element-caption\">El secreto de las flores<\/figcaption><\/figure>\n\n\n\n<p><\/p>\n\n\n\n<p>Como no pod\u00eda ser de otra manera, conoc\u00ed a Miguel en Albarrac\u00edn, en el seminario de fotograf\u00eda que organizan cada a\u00f1o Gervasio Sanchez y Sandra Ballsells. En ese a\u00f1o, Miguel fue becado, por un trabajo muy gallego: Nord\u00e9s, que como todo su trabajo, se centra en el ser humano, porque aunque nos est\u00e9 hablando de un territorio, o de cualquier otro tema, siempre nos hablar\u00e1 de su relaci\u00f3n con las personas, que es lo que realmente le interesa. Su fotograf\u00eda es pues, muy humanista, y muy cercana. Son temas sencillos, de los que estan a un metro&#8230;o dos como mucho. Quiz\u00e1s por todo esto me indentifico tanto con su trabajo, o porque es gallego como yo, quien sabe.<\/p>\n\n\n\n<div style=\"height:48px\" aria-hidden=\"true\" class=\"wp-block-spacer\"><\/div>\n\n\n\n<p style=\"font-size:clamp(16.834px, 1.052rem + ((1vw - 3.2px) * 0.716), 26px);\"><strong>El origen<\/strong><\/p>\n\n\n\n<p class=\"has-text-align-left\">Me encontr\u00e9 con la fotograf\u00eda de dos maneras, una porque mi padre ten\u00eda un peque\u00f1o laboratorio de blanco y negro donde&nbsp;vi por primera vez y por arte de magia salir la imagen cuando el papel entraba en contacto con el revelador.<\/p>\n\n\n\n<p>La segunda manera obedeci\u00f3 a un intento desesperado por no&nbsp;hacer la mili, convenc\u00ed a mis padres de mi vocaci\u00f3n por ser artista, aunque la verdad sea dicha&nbsp;me matricularon en artes aplicadas b\u00e1sicamente porque era gratis. All\u00ed tuve la asignatura de fotograf\u00eda con un profesor, Ram\u00f3n Ra\u00edces,&nbsp; que viv\u00eda la fotograf\u00eda de una forma vital. Ram\u00f3n me contagi\u00f3 su pasi\u00f3n, empez\u00e9&nbsp; a ver mi mundo a trav\u00e9s de un rect\u00e1ngulo. Cuando acababa las clases saliamos de bares hablando de fotograf\u00eda mientras observaba&nbsp;a otros estudiantes que no hablaban de la carrera que estudiaban y me sent\u00eda afortunado de estudiar algo que me apasionaba. De alguna manera encontr\u00e9 en la fotograf\u00eda una forma de estar en el mundo.<\/p>\n\n\n\n<figure class=\"wp-block-image alignright size-large is-resized\"><img decoding=\"async\" src=\"https:\/\/olloatlantico.com\/wp-content\/uploads\/2024\/11\/la-ultima-marea-variadas.jpg?w=1024\" alt=\"\" class=\"wp-image-9795\" style=\"width:453px;height:auto\" \/><figcaption class=\"wp-element-caption\">Illa de arousa .Pontevedra .Mariscadoras . <\/figcaption><\/figure>\n\n\n\n<p>Hace muchos a\u00f1os acud\u00ed por primera vez a los seminarios de fotograf\u00eda de Albarrac\u00edn, hubo un antes y un despu\u00e9s, mostrar tu trabajo, compartir con otros compa\u00f1eros, bajar de la nube en que estabas, ver la fotograf\u00eda como un ente donde poder aprender y crecer&#8230;<\/p>\n\n\n\n<p>Siempre llevo la c\u00e1mara conmigo. Si por alguna raz\u00f3n no puedo llevarla me falta algo&#8230;Esto \u00faltimo tengo que mir\u00e1rmelo \ud83d\ude42<\/p>\n\n\n\n<div style=\"height:77px\" aria-hidden=\"true\" class=\"wp-block-spacer\"><\/div>\n\n\n\n<p style=\"font-size:clamp(16.293px, 1.018rem + ((1vw - 3.2px) * 0.68), 25px);\"><strong>\u00bfQu\u00e9 es para t\u00ed la fotograf\u00eda?<\/strong><\/p>\n\n\n\n<figure class=\"wp-block-image alignright size-large is-resized\"><img decoding=\"async\" src=\"https:\/\/olloatlantico.com\/wp-content\/uploads\/2024\/11\/nordes-1variadas-1.jpg?w=1024\" alt=\"\" class=\"wp-image-9805\" style=\"width:474px;height:auto\" \/><figcaption class=\"wp-element-caption\">Nord\u00e9s<\/figcaption><\/figure>\n\n\n\n<p>Todos tenemos un personaje en el que nos representamos de alguna manera, el m\u00edo es ser fot\u00f3grafo. Para mi lo m\u00e1s importante es desde donde fotograf\u00edo, disfruto haciendo buenas fotos pero disfruto m\u00e1s si desde donde las hago (la raz\u00f3n \u00faltima y sincera porque las hago) me llena. De alguna manera la fotograf\u00eda me sirve de referencia para saber si estoy en el buen camino tambi\u00e9n en otros aspectos de mi vida.<\/p>\n\n\n\n<p class=\"has-text-align-left\">La pandemia marc\u00f3 una diferencia importante en mi forma de fotografiar, antes de ella las previsiones diarias del medio en el que colaboro marcaban mi calendario laboral diario. Sin embargo en la pandemia no hab\u00eda previsiones, as\u00ed que sal\u00eda todos los d\u00edas a buscar temas, empec\u00e9 no solo a buscarlos sino a desarrollarlos m\u00e1s all\u00e1 de lo que exige una publicaci\u00f3n diaria. Creo que ah\u00ed hubo un paso importante del fotoperiodista al fotodocumentalista.<\/p>\n\n\n\n<div style=\"height:56px\" aria-hidden=\"true\" class=\"wp-block-spacer\"><\/div>\n\n\n\n<p style=\"font-size:clamp(16.293px, 1.018rem + ((1vw - 3.2px) * 0.68), 25px);\"><strong>\u00bfQu\u00e9 tipo de fotos haces?<\/strong><\/p>\n\n\n\n<p class=\"has-text-align-right\"><\/p>\n\n\n\n<figure class=\"wp-block-image alignleft size-large is-resized\"><img decoding=\"async\" src=\"https:\/\/olloatlantico.com\/wp-content\/uploads\/2024\/11\/montanas-como-islas-variadas-1.jpg?w=1024\" alt=\"\" class=\"wp-image-9802\" style=\"width:471px;height:auto\" \/><figcaption class=\"wp-element-caption\">Monta\u00f1ass como islas<\/figcaption><\/figure>\n\n\n\n<p class=\"has-text-align-left\">Hago fotos con personas. Para mi que salgan personas es importante, los paisajes sin personas est\u00e1n desnudos, y aunque a veces me basta y me gusta as\u00ed, cas\u00ed siempre relaciono el paisaje con sus habitantes. Me gusta fotografiar la memoria, el paso del tiempo, como una manera de parar el tiempo, de hacer esa foto definitiva. Hay fotos que despiertan un mundo ante mi, y de ah\u00ed a veces nacen proyectos. Otras veces me enamoro de alguna foto en concreto y la sostengo en el tiempo y en el proyecto hasta que escucho voces m\u00e1s sabias y desapegadas de&nbsp; mi trabajo que me dicen que la quite. Eso duele, pero se crece en ese dolor de renunciar por el conjunto de una idea o emoci\u00f3n.<\/p>\n\n\n\n<figure class=\"wp-block-image alignright size-large is-resized\"><img decoding=\"async\" src=\"https:\/\/olloatlantico.com\/wp-content\/uploads\/2024\/11\/camionero-1.jpg?w=1024\" alt=\"\" class=\"wp-image-9847\" style=\"width:408px;height:auto\" \/><figcaption class=\"wp-element-caption\">El camionero<\/figcaption><\/figure>\n\n\n\n<p>En una ocasi\u00f3n entr\u00e9 en los ba\u00f1os de una estaci\u00f3n de servicio de la autovia que une Coru\u00f1a con Lugo. Al entrar me encontr\u00e9 con un hombre muy corpulento y peludo sin la parte de arriba y con la cabeza totalmente pelada cubierta de espuma de afeitar, era una buena y representativa imagen del momento que estabamos viviendo, un camionero polaco obligado a afeitarse all\u00ec al no&nbsp;haber nada abierto debido a las restricciones por la Covid. Mientras hac\u00eda mis necesidades en uno de los urinarios que no estaban clausurados y justo de espaldas a \u00e9l me debati entre hacer la foto o no, aunque ten\u00eda cara de pocos amigos&nbsp;fu\u00e9 m\u00e1s fuerte la idea de que si no la hac\u00eda me estar\u00eda arrepintiendo durante mucho tiempo, as\u00ed que le pregunt\u00e9 y me respondi\u00f3 en ingles con la consabida cara de pocos amigos que fuera r\u00e1pido, corr\u00ed al coche por la c\u00e1mara y cuando llegu\u00e9 de nuevo junto a \u00e9l ya se hab\u00eda afeitado la mitad del rostro, a\u00fan as\u00ed la imagen segu\u00eda siendo muy buena. Lo fotografi\u00e9 y me fu\u00ed satisfecho. Creo que estas peque\u00f1os actos de ir hacia delante, de obligarte a ir m\u00e1s all\u00e1 es parte del proceso enriquecedor de la fotograf\u00eda para mi.<\/p>\n\n\n\n<div style=\"height:55px\" aria-hidden=\"true\" class=\"wp-block-spacer\"><\/div>\n\n\n\n<p style=\"font-size:clamp(16.293px, 1.018rem + ((1vw - 3.2px) * 0.68), 25px);\"><strong>\u00bfTus referentes?<\/strong><\/p>\n\n\n\n<figure class=\"wp-block-image alignright size-large is-resized\"><img decoding=\"async\" src=\"https:\/\/olloatlantico.com\/wp-content\/uploads\/2024\/11\/nordes-2-variadas.jpg?w=694\" alt=\"\" class=\"wp-image-9808\" style=\"width:293px;height:auto\" \/><figcaption class=\"wp-element-caption\">Nord\u00e9s<\/figcaption><\/figure>\n\n\n\n<p>Busco mis referentes en la cercan\u00eda. Aunque valoro mucho el trabajo de Cristina Garc\u00eda Rodero, de Rober Doisneau, Bresson, etc, es en&nbsp; el contacto con el autor y ver como respira, lo que&nbsp; me nutre. Como dije antes busco el desde donde se fotograf\u00eda. En este caso mi antiguo profesor Ram\u00f3n Ra\u00edces fu\u00e9 mi gran referente. Era profundamente vital hasta la obsesi\u00f3n respecto a la fotograf\u00eda. Mi amigo y gran fotografo Roberto Yustes tamb\u00ed\u00e9n es un referente para mi, ver como vive la fotograf\u00eda desde la humildad y el aprendizaje constante es&nbsp; impagable. A Judith Pratt la conoc\u00ed el a\u00f1o pasado en Gij\u00f3n, me gust\u00f3 tambi\u00e9n su forma de vivir la fotograf\u00eda, como&nbsp; mostraba su trabajo a los que la escuch\u00e1bamos, una fot\u00f3grafa comprometida y generosa. Con Cristina Garc\u00eda Rodero tuve la oportunidad de presenciar un taller suyo en Santander y me sorprendi\u00f3 la gran humanidad que hay detr\u00e1s de sus grandes fotograf\u00edas.<\/p>\n\n\n\n<div style=\"height:100px\" aria-hidden=\"true\" class=\"wp-block-spacer\"><\/div>\n\n\n\n<p style=\"font-size:clamp(16.293px, 1.018rem + ((1vw - 3.2px) * 0.68), 25px);\"><strong>Tus objetivos<\/strong><\/p>\n\n\n\n<figure class=\"wp-block-image alignleft size-large is-resized\"><img decoding=\"async\" src=\"https:\/\/olloatlantico.com\/wp-content\/uploads\/2024\/11\/la-orilla-variadas.jpg?w=1024\" alt=\"\" class=\"wp-image-9811\" style=\"width:514px;height:auto\" \/><figcaption class=\"wp-element-caption\">La orilla<\/figcaption><\/figure>\n\n\n\n<p>Mi objetivo con la fotografia es seguir sorprendi\u00e9ndome con la vida, como cuando me encuentro en una carretera comarcal escoltado por cuatro pastores alemanes&nbsp; a un anciano,&nbsp;Ricardo, camino del cementerio de Outeiro de Rei con&nbsp;un ramo de flores por el cabo de a\u00f1o de un amigo. O ver a una pareja de ancianos entrando en un mar&nbsp;de niebla en el verano de la pandemia.&nbsp; Parte de mi vida&nbsp;la he vivido a trav\u00e9s de la de los dem\u00e1s, desde la experiencia de fotografiarlos y conocerlos.<\/p>\n\n\n\n<p><\/p>\n\n\n\n<div style=\"height:100px\" aria-hidden=\"true\" class=\"wp-block-spacer\"><\/div>\n\n\n\n<p style=\"font-size:clamp(16.293px, 1.018rem + ((1vw - 3.2px) * 0.68), 25px);\"><strong>El \u00faltimo trazo de tiza<\/strong><\/p>\n\n\n\n<p>Y la escuela qued\u00f3 en silencio, las voces y las risas infantiles de ni\u00f1as y ni\u00f1os un d\u00eda se fueron. Montaron en un autob\u00fas camino de la ciudad. La chimenea de la casa escuela no humeaba y los aromas de la le\u00f1a quedaron en las cocinas de las casas.<\/p>\n\n\n\n<p>Las peque\u00f1as y los peque\u00f1os se acostumbraron a marchar cada d\u00eda de la aldea en un transporte escolar, en una suerte de sortilegio extra\u00f1o de lo que les deparar\u00eda el futuro. El barullo se fue y el silencio comenz\u00f3 a extenderse en la aldea.<\/p>\n\n\n\n<p>La escuela se convirti\u00f3 en un arca del tiempo, que guardaba en el silencio los recuerdos y la memoria de una sociedad viva y activa, una cultura campesina propia y orgullosa que sin darse cuenta se desmoronaba en el v\u00e9rtigo del futuro.<\/p>\n\n\n\n<p>La escuela activaba todo un universo de recuerdos en las miradas que pasaban por la calle, por su puerta y que con la curiosidad infantil fisgaban sus restos por las ventanas con ojos adultos, y con una memoria mayor. Hab\u00eda pasado el tiempo. Tan lejos y tan cerca quedaban aquel lat\u00f3n con brasas para calentarse en el invierno, el queso y la leche en polvo americanos, o la voz del padre que reclamaba a Lola al maestro para que fuera a pastar las vacas.<\/p>\n\n\n\n<p>La aldea tambi\u00e9n estaba quedando en silencio, y los ni\u00f1os y las ni\u00f1as que subieron en aquellos transportes viv\u00edan la mayor\u00eda fuera.<\/p>\n\n\n\n<p>Recoger en im\u00e1genes estas arcas del tiempo es una propuesta de reflexi\u00f3n sobre decisiones que llevaron al silencio a las escuelas y a una forma de vida inherentemente conectada a la tierra.<\/p>\n\n\n\n<p>Las im\u00e1genes son propositivas y reflexivas a un tiempo, desde una postura cr\u00edtica, aquel \u00faltimo trazo de tiza qued\u00f3 como un hito hacia un camino que llev\u00f3 al vac\u00edo del medio rural. \u00bfFu\u00e9 un camino correcto? La magia de las miradas llenas de recuerdos y melancol\u00eda, la evidencia del despoblamiento rural hoy propone una serie de cuestiones para nuestra reflexi\u00f3n como sociedad. Preguntas que se lanzan en cada imagen interpel\u00e1ndonos con cari\u00f1o, y serenidad desde los ojos de aquella infancia que march\u00f3 un d\u00eda de la aldea en el transporte escolar (texto Carlos Calvente)<\/p>\n\n\n\n<figure class=\"wp-block-gallery has-nested-images columns-default is-cropped wp-block-gallery-1 is-layout-flex wp-block-gallery-is-layout-flex\">\n<figure class=\"wp-block-image size-large is-style-default\"><img decoding=\"async\" data-id=\"9814\" src=\"https:\/\/olloatlantico.com\/wp-content\/uploads\/2024\/11\/o-derradeiro-trazo-de-xiz-1.jpg?w=1024\" alt=\"\" class=\"wp-image-9814\" \/><\/figure>\n\n\n\n<figure class=\"wp-block-image size-large\"><img decoding=\"async\" data-id=\"9834\" src=\"https:\/\/olloatlantico.com\/wp-content\/uploads\/2024\/11\/o-derradeiro-trazo-de-xiz-2.jpg?w=1024\" alt=\"\" class=\"wp-image-9834\" \/><\/figure>\n\n\n\n<figure class=\"wp-block-image size-large\"><img decoding=\"async\" data-id=\"9817\" src=\"https:\/\/olloatlantico.com\/wp-content\/uploads\/2024\/11\/o-derradeiro-trazo-de-xiz-3.jpg?w=1024\" alt=\"\" class=\"wp-image-9817\" \/><\/figure>\n\n\n\n<figure class=\"wp-block-image size-large\"><img decoding=\"async\" data-id=\"9820\" src=\"https:\/\/olloatlantico.com\/wp-content\/uploads\/2024\/11\/o-derradeiro-trazo-de-xiz-7.jpg?w=1024\" alt=\"\" class=\"wp-image-9820\" \/><\/figure>\n\n\n\n<figure class=\"wp-block-image size-large\"><img decoding=\"async\" data-id=\"9830\" src=\"https:\/\/olloatlantico.com\/wp-content\/uploads\/2024\/11\/o-derradeiro-trazo-de-xiz-10.jpg?w=1024\" alt=\"\" class=\"wp-image-9830\" \/><\/figure>\n\n\n\n<figure class=\"wp-block-image size-large\"><img decoding=\"async\" data-id=\"9818\" src=\"https:\/\/olloatlantico.com\/wp-content\/uploads\/2024\/11\/o-derradeiro-trazo-de-xiz-12.jpg?w=1024\" alt=\"\" class=\"wp-image-9818\" \/><\/figure>\n\n\n\n<figure class=\"wp-block-image size-large\"><img decoding=\"async\" data-id=\"9815\" src=\"https:\/\/olloatlantico.com\/wp-content\/uploads\/2024\/11\/o-derradeiro-trazo-de-xiz-15.jpg?w=1024\" alt=\"\" class=\"wp-image-9815\" \/><\/figure>\n\n\n\n<figure class=\"wp-block-image size-large\"><img decoding=\"async\" data-id=\"9825\" src=\"https:\/\/olloatlantico.com\/wp-content\/uploads\/2024\/11\/o-derradeiro-trazo-de-xiz-16.jpg?w=662\" alt=\"\" class=\"wp-image-9825\" \/><\/figure>\n\n\n\n<figure class=\"wp-block-image size-large\"><img decoding=\"async\" data-id=\"9821\" src=\"https:\/\/olloatlantico.com\/wp-content\/uploads\/2024\/11\/o-derradeiro-trazo-de-xiz-21.jpg?w=1024\" alt=\"\" class=\"wp-image-9821\" \/><\/figure>\n\n\n\n<figure class=\"wp-block-image size-large\"><img decoding=\"async\" data-id=\"9819\" src=\"https:\/\/olloatlantico.com\/wp-content\/uploads\/2024\/11\/o-derradeiro-trazo-de-xiz-24.jpg?w=1024\" alt=\"\" class=\"wp-image-9819\" \/><\/figure>\n<\/figure>\n\n\n\n<div style=\"height:100px\" aria-hidden=\"true\" class=\"wp-block-spacer\"><\/div>\n\n\n\n<p style=\"font-size:clamp(17.371px, 1.086rem + ((1vw - 3.2px) * 0.752), 27px);\">Bio<\/p>\n\n\n\n<p>Fot\u00f3grafo documental. Miembro del colectivo Imaxe Covid.<\/p>\n\n\n\n<p>\u00abExploro a trav\u00e9s de la fotograf\u00eda espacios, sensaciones, memoria&#8230;\u00bb<\/p>\n\n\n\n<p><strong>M\u00e9ritos profesionales<\/strong>:<\/p>\n\n\n\n<p>Premios Luis Ksado, menci\u00f3n honor\u00edfica 2024 \u00bb Nord\u00e9s\u00bb<\/p>\n\n\n\n<p>OnPhoto Soria, concurso de portfolios 2024, tercer premio a \u00bb Los cuidados\u00bb<\/p>\n\n\n\n<p>Seminario de fotograf\u00eda y periodismo de Albarrac\u00edn, Beca 2023,  \u00abNord\u00e9s\u00bb<\/p>\n\n\n\n<p>Ganador de Galicia en foco 2023, \u00bb Prestige, 20 a\u00f1os despu\u00e9s\u00bb y en el 2003; \u00abLa rapa\u00bb<\/p>\n\n\n\n<p>Cert\u00e1men fotogr\u00e1fico Manuel Eir\u00eds 2023, 2\u00ba premio.<\/p>\n\n\n\n<p>Concurso fotogr\u00e1fico, Pedra Sacra-Cristina Snellman 2018, 2\u00ba premio<\/p>\n\n\n\n<p>Y finalista en diferentes concursos y publicaciones.<\/p>\n\n\n\n<p><strong>Exposiciones:<\/strong><\/p>\n\n\n\n<p><strong>&#8211;<\/strong>En 2024 participa junto con fotograf\u00edas de Nicolas Muller, Anna Turbau y Cristina Garc\u00eda Rodero entre otros en la exposici\u00f3n <strong>La v\u00eda de la plata, aires del sur, <\/strong>comisariada por Luc\u00eda La\u00edn y expuesta en la sala Marcos Valcarcel de Ourense.<\/p>\n\n\n\n<p>-En 2022 participa en el museo de la Ciudad de la Cultura de Santiago en la exposic\u00edon, \u201cCamino portugu\u00e9s , memorias de mar y piedra\u201d. la exposici\u00f3n incluye trabajos de artistas contempor\u00e1neos que siguen tejiendo ese relato con im\u00e1genes de las dos orillas del Mi\u00f1o, como las de Ant\u00f3n Buci\u00f1os, Blas Gonz\u00e1lez, Carla Andrade, Carmenchu Alem\u00e1n, Eva D\u00edez, Fernando Rey Daluz, I\u00f1aki Matilla, Luis Borges, Juan Manuel Castro Prieto, Keila Pousa, Luis Vioque, <strong>Miguel Mu\u00f1iz,<\/strong> Modesto Mart\u00ednez, Nicol\u00e1s Combarro, Roberto de la Torre, Tono Arias, Vari Caram\u00e9s y Ver\u00f3nica Vicente.<\/p>\n\n\n\n<p>-Participa en la memoria de la pandemia con la plataforma Archivo Covid<\/p>\n\n\n\n<p>-Exposici\u00f3n itinerante \u201cGalicia en vilo \u201c en el 2021 sobre las consecuencias de la pandemia por las principales ciudades gallegas y organizada por la fundaci\u00f3n Abanca.<\/p>\n\n\n\n<p><strong>https:\/\/miguelmuniz.es<\/strong><\/p>\n\n\n\n<p>Contacto: fmiguelmuniz@gmail.com  Tlf: 622478031<\/p>\n\n\n\n<p>Instagram @miguelmunizfoto<\/p>\n\n\n\n<div class=\"wp-block-group has-global-padding is-layout-constrained wp-block-group-is-layout-constrained\">\n<p><\/p>\n<\/div>\n\n\n\n<p><\/p>\n","protected":false},"excerpt":{"rendered":"<p>Como no pod\u00eda ser de otra manera, conoc\u00ed a Miguel en Albarrac\u00edn, en el seminario de fotograf\u00eda que organizan cada a\u00f1o Gervasio Sanchez y Sandra Ballsells. En ese a\u00f1o, Miguel fue becado, por un trabajo muy gallego: Nord\u00e9s, que como todo su trabajo, se centra en el ser humano, porque aunque nos est\u00e9 hablando de [&hellip;]<\/p>\n","protected":false},"author":16,"featured_media":0,"parent":0,"menu_order":0,"comment_status":"closed","ping_status":"closed","template":"","meta":{"jetpack_post_was_ever_published":false,"footnotes":""},"class_list":["post-9788","page","type-page","status-publish","hentry"],"jetpack_sharing_enabled":true,"_links":{"self":[{"href":"https:\/\/www.olloatlantico.es\/index.php\/wp-json\/wp\/v2\/pages\/9788","targetHints":{"allow":["GET"]}}],"collection":[{"href":"https:\/\/www.olloatlantico.es\/index.php\/wp-json\/wp\/v2\/pages"}],"about":[{"href":"https:\/\/www.olloatlantico.es\/index.php\/wp-json\/wp\/v2\/types\/page"}],"author":[{"embeddable":true,"href":"https:\/\/www.olloatlantico.es\/index.php\/wp-json\/wp\/v2\/users\/16"}],"replies":[{"embeddable":true,"href":"https:\/\/www.olloatlantico.es\/index.php\/wp-json\/wp\/v2\/comments?post=9788"}],"version-history":[{"count":0,"href":"https:\/\/www.olloatlantico.es\/index.php\/wp-json\/wp\/v2\/pages\/9788\/revisions"}],"wp:attachment":[{"href":"https:\/\/www.olloatlantico.es\/index.php\/wp-json\/wp\/v2\/media?parent=9788"}],"curies":[{"name":"wp","href":"https:\/\/api.w.org\/{rel}","templated":true}]}}